{"id":8911,"date":"2019-03-04T08:30:58","date_gmt":"2019-03-04T07:30:58","guid":{"rendered":"http:\/\/radsportbezirk-westfalen-mitte.de\/wordpress\/?page_id=8911"},"modified":"2020-04-18T10:35:43","modified_gmt":"2020-04-18T08:35:43","slug":"vorstand","status":"publish","type":"page","link":"https:\/\/radsportbezirk-westfalen-mitte.de\/wordpress\/vorstand\/","title":{"rendered":"Vorstand"},"content":{"rendered":"<p>&nbsp;<\/p>\n<p>&nbsp;<\/p>\n<table border=\"0\" width=\"75%\" cellspacing=\"1\" align=\"center\">\n<tbody>\n<tr>\n<td align=\"left\" valign=\"top\" width=\"50%\"><em><strong>Vorstand:<\/strong><\/em><\/td>\n<td align=\"left\" valign=\"top\" width=\"50%\"><\/td>\n<\/tr>\n<tr>\n<td align=\"left\" valign=\"top\" width=\"50%\">Vorsitzender:<\/td>\n<td align=\"left\" valign=\"top\" width=\"50%\"><span id=\"cloak21054\"><a href=\"mailto:n.schaefer@rsbwm.de\" target=\"_blank\" rel=\"noopener noreferrer\">Nils Sch\u00e4fer<\/a><\/span><\/td>\n<\/tr>\n<tr>\n<td align=\"left\" valign=\"top\" width=\"50%\">stellv. Vorsitzender:<\/td>\n<td align=\"left\" valign=\"top\" width=\"50%\"><span id=\"cloak6241\"><a href=\"mailto:r.sudhoff@rsbwm.de\" target=\"_blank\" rel=\"noopener noreferrer\">Raimund Sudhoff<\/a><\/span><\/td>\n<\/tr>\n<tr>\n<td align=\"left\" valign=\"top\" width=\"50%\">Gesch\u00e4ftsf\u00fchrerin:<\/td>\n<td align=\"left\" valign=\"top\" width=\"50%\"><span id=\"cloak79977\"><a href=\"mailto:s.schaten@schaten.de\" target=\"_blank\" rel=\"noopener noreferrer\">Sylvia Schaten<\/a><\/span><\/td>\n<\/tr>\n<tr>\n<td align=\"left\" valign=\"top\" width=\"50%\">stellv. Vorsitzende Finanzen:<\/td>\n<td align=\"left\" valign=\"top\" width=\"50%\"><span id=\"cloak45655\"><a href=\"mailto:s.scheer@rsbwm.de\" target=\"_blank\" rel=\"noopener noreferrer\">Sabrina Scheer<\/a><\/span><\/td>\n<\/tr>\n<tr>\n<td align=\"left\" valign=\"top\" width=\"50%\">Pressesprecher:<\/td>\n<td align=\"left\" valign=\"top\" width=\"50%\"><span id=\"cloak51970\"><a href=\"mailto:s.krause@rsbwm.de\" target=\"_blank\" rel=\"noopener noreferrer\">Sven Krause<\/a><\/span><\/td>\n<\/tr>\n<tr>\n<td align=\"left\" valign=\"top\" width=\"50%\"><\/td>\n<td align=\"left\" valign=\"top\" width=\"50%\"><\/td>\n<\/tr>\n<tr>\n<td align=\"left\" valign=\"top\" width=\"50%\"><em><strong>Koordinatoren:<\/strong><\/em><\/td>\n<td align=\"left\" valign=\"top\" width=\"50%\"><\/td>\n<\/tr>\n<tr>\n<td align=\"left\" valign=\"top\" width=\"50%\">Rennsport:<\/td>\n<td align=\"left\" valign=\"top\" width=\"50%\"><span id=\"cloak20712\"><a href=\"mailto:a.schulz@rsbwm.de\" target=\"_blank\" rel=\"noopener noreferrer\">Andreas Schulz<\/a><\/span><\/td>\n<\/tr>\n<tr>\n<td align=\"left\" valign=\"top\" width=\"50%\">Radtourenfahren (RTF\/CTF):<\/td>\n<td align=\"left\" valign=\"top\" width=\"50%\"><a id=\"cloak24958\" href=\"mailto:n.adam@rsbwm.de\" target=\"_blank\" rel=\"noopener noreferrer\">Norbert Adam<\/a><\/td>\n<\/tr>\n<tr>\n<td align=\"left\" valign=\"top\" width=\"50%\">Radwandern:<\/td>\n<td align=\"left\" valign=\"top\" width=\"50%\"><span id=\"cloak19990\"><a href=\"mailto:st.kubas@rsbwm.de\" target=\"_blank\" rel=\"noopener noreferrer\">Stephan Kubas<\/a><\/span><\/td>\n<\/tr>\n<tr>\n<td align=\"left\" valign=\"top\" width=\"50%\">Offroad:<\/td>\n<td align=\"left\" valign=\"top\" width=\"50%\"><a href=\"b.brodowski@rsbwm.de\" target=\"_blank\" rel=\"noopener noreferrer\">Bernd Brodowski<\/a><\/td>\n<\/tr>\n<tr>\n<td align=\"left\" valign=\"top\" width=\"50%\">Jugendleiter:<\/td>\n<td align=\"left\" valign=\"top\" width=\"50%\"><span id=\"cloak80512\">N.N.<\/span><\/td>\n<\/tr>\n<tr>\n<td align=\"left\" valign=\"top\" width=\"50%\">Stellv. Jugendleiter :<\/td>\n<td align=\"left\" valign=\"top\" width=\"50%\"><span id=\"cloak21657\">N.N.<\/span><\/td>\n<\/tr>\n<tr>\n<td align=\"left\" valign=\"top\" width=\"50%\"><\/td>\n<td align=\"left\" valign=\"top\" width=\"50%\"><\/td>\n<\/tr>\n<tr>\n<td align=\"left\" valign=\"top\" width=\"50%\"><em><strong>Ehrenmitglieder:<\/strong><\/em><\/td>\n<td align=\"left\" valign=\"top\" width=\"50%\"><\/td>\n<\/tr>\n<tr>\n<td align=\"left\" valign=\"top\" width=\"50%\">Ehrenvorsitzende:<\/td>\n<td align=\"left\" valign=\"top\" width=\"50%\">Brigitte Fey<\/td>\n<\/tr>\n<tr>\n<td align=\"left\" valign=\"top\">Ehrenvorsitzender:<\/td>\n<td align=\"left\" valign=\"top\">Walter Filuhn<\/td>\n<\/tr>\n<tr>\n<td align=\"left\" valign=\"top\" width=\"50%\">Ehrenvorsitzender:<\/td>\n<td align=\"left\" valign=\"top\" width=\"50%\">J\u00fcrgen Neuhoff \u2020<\/td>\n<\/tr>\n<tr>\n<td align=\"left\" valign=\"top\" width=\"50%\"><\/td>\n<td align=\"left\" valign=\"top\" width=\"50%\"><\/td>\n<\/tr>\n<tr>\n<td align=\"left\" valign=\"top\" width=\"50%\">Ehrenmitglied:<\/td>\n<td align=\"left\" valign=\"top\" width=\"50%\">G\u00fcnter Sch\u00e4fer \u2020<\/td>\n<\/tr>\n<tr>\n<td align=\"left\" valign=\"top\">Ehrenmitglied:<\/td>\n<td align=\"left\" valign=\"top\">Erich Maltz \u2020<\/td>\n<\/tr>\n<\/tbody>\n<\/table>\n<p>&nbsp;<\/p>\n<p>&nbsp;<\/p>\n<p>&nbsp;<\/p>\n","protected":false},"excerpt":{"rendered":"<p>&nbsp;<\/p>\n<p>&nbsp;<\/p>\n<p> Vorstand: Vorsitzender: Nils Sch\u00e4fer stellv. Vorsitzender: Raimund Sudhoff Gesch\u00e4ftsf\u00fchrerin: Sylvia Schaten stellv. Vorsitzende Finanzen: Sabrina Scheer Pressesprecher: Sven Krause Koordinatoren: Rennsport: Andreas Schulz Radtourenfahren (RTF\/CTF): Norbert Adam Radwandern: Stephan Kubas Offroad: Bernd Brodowski Jugendleiter: N.N. Stellv. Jugendleiter : N.N. Ehrenmitglieder: Ehrenvorsitzende: Brigitte Fey Ehrenvorsitzender: Walter Filuhn Ehrenvorsitzender: J\u00fcrgen Neuhoff \u2020 Ehrenmitglied: G\u00fcnter Sch\u00e4fer &hellip; <\/p>\n<p><a class=\"more-link btn\" href=\"https:\/\/radsportbezirk-westfalen-mitte.de\/wordpress\/vorstand\/\">Weiterlesen<\/a><\/p>\n","protected":false},"author":1,"featured_media":0,"parent":0,"menu_order":0,"comment_status":"closed","ping_status":"closed","template":"","meta":{"footnotes":""},"class_list":["post-8911","page","type-page","status-publish","hentry","wp-image-borders","nodate","item-wrap"],"_links":{"self":[{"href":"https:\/\/radsportbezirk-westfalen-mitte.de\/wordpress\/wp-json\/wp\/v2\/pages\/8911","targetHints":{"allow":["GET"]}}],"collection":[{"href":"https:\/\/radsportbezirk-westfalen-mitte.de\/wordpress\/wp-json\/wp\/v2\/pages"}],"about":[{"href":"https:\/\/radsportbezirk-westfalen-mitte.de\/wordpress\/wp-json\/wp\/v2\/types\/page"}],"author":[{"embeddable":true,"href":"https:\/\/radsportbezirk-westfalen-mitte.de\/wordpress\/wp-json\/wp\/v2\/users\/1"}],"replies":[{"embeddable":true,"href":"https:\/\/radsportbezirk-westfalen-mitte.de\/wordpress\/wp-json\/wp\/v2\/comments?post=8911"}],"version-history":[{"count":6,"href":"https:\/\/radsportbezirk-westfalen-mitte.de\/wordpress\/wp-json\/wp\/v2\/pages\/8911\/revisions"}],"predecessor-version":[{"id":16207,"href":"https:\/\/radsportbezirk-westfalen-mitte.de\/wordpress\/wp-json\/wp\/v2\/pages\/8911\/revisions\/16207"}],"wp:attachment":[{"href":"https:\/\/radsportbezirk-westfalen-mitte.de\/wordpress\/wp-json\/wp\/v2\/media?parent=8911"}],"curies":[{"name":"wp","href":"https:\/\/api.w.org\/{rel}","templated":true}]}}